) = -q**2 + 37*q + 5. Is t(w) prime?
True
Let h be 0 - (-3 + (-5 - -3)) - 3. Let r be 1435 - (2 - (h + 2)). Suppose 0 = 23*z - 20*z - r. Is z a prime number?
True
Let k(x) = 363180*x + 1813. Is k(2) a composite number?
False
Let m = -2059 - -2060. Let h be (0/2 - 4)/(-2). Is ((-11989)/38)/((h/(-4))/m) prime?
True
Suppose -48 + 4 = -22*l. Is (1619 + 0)*(l + -1) a prime number?
True
Is (-28189)/6*29*-1 + (-1372)/(-8232) composite?
False
Suppose -124*u + 74*u + 74*u - 6565272 = 0. Is u a composite number?
True
Let j be (-3)/((-2)/30*9). Suppose -j*i = i - 10806. Is i a composite number?
False
Suppose -1611*g + 1622*g = 253616. Suppose -g - 9207 = -7*l. Is l composite?
True
Let j(m) be the second derivative of -4*m + m**3 + 0 + m**2 + 1/6*m**4. Is j(-8) a composite number?
True
Let x(s) = 29648*s - 1175. Is x(9) a prime number?
False
Let t(h) = -h + 7. Let q = -22 - -18. Let j be t(q). Let y = 46 - j. Is y prime?
False
Let g(p) = -2*p**2 - 19*p + 71. Let c be g(-12). Let d(u) = u**3 + 5*u**2 - 9*u + 10. Is d(c) a composite number?
False
Let v(w) = -w**3 - 25*w**2 + 2. Let k be v(-25). Suppose 4*l + 13228 + 39173 = 3*s, -k*s - 2*l + 34934 = 0. Is s prime?
True
Let s(h) = -h**3 + 18*h**2 - 23*h + 28. Let p(q) = -7*q - 47. Let r be p(-9). Let f be s(r). Is f/(5/((-10)/(-4))) a prime number?
False
Is 2*2/(-22) + (2110200/(-33))/(-8) prime?
True
Let g = 18 - 34. Let m be -1 - g/20 - 106442/(-10). Is (-2)/(-7) + m/84 prime?
True
Let h(l) = l**2 - l + 1. Let c(i) = -41*i**2 - 17*i + 14. Let n(p) = -c(p) + 3*h(p). Is n(6) prime?
True
Let i(j) = 5071*j**2 - 9*j + 21. Is i(4) a prime number?
False
Suppose -6*f - 340 = -3064. Let w = -37 + f. Is w a composite number?
True
Suppose -41*c + 1246877 = 3*a - 39*c, -5*a + 4*c = -2078143. Is a a prime number?
True
Let v(t) be the third derivative of 101*t**5/60 - t**4/3 - 17*t**3/3 - 37*t**2. Is v(-7) composite?
True
Let m = -64 - -63. Let c be (2 + -70)/(-3 + 2 + m). Is 6/(-36) - c/12 - -380 composite?
True
Suppose o - 20 = -4*o. Let b(y) = 13*y**3 + 4*y**2 + 8*y - 1. Let t(i) = 11*i**3 + 2*i**2 + 6*i - 2. Let q(z) = 5*b(z) - 6*t(z). Is q(o) a prime number?
False
Suppose 4*z - 54 = -46. Suppose -4*v - 3*f + 5015 = -0*v, 4*f + 2502 = z*v. Is v a composite number?
True
Is -7 + (1898 + -86)/((-4)/(-18)) prime?
True
Suppose -17*j = -3*y - 20*j + 5992899, y + 2*j - 1997627 = 0. Is y composite?
True
Let x(r) = 2*r + 92. Let t be x(23). Let v = t + 341. Is v a composite number?
False
Let z(a) = -1001*a + 1230. Is z(-55) a prime number?
False
Let x = 434620 - 117293. Is x a composite number?
False
Let x be 2/(-15)*-5*21. Let j be -10 + x - (1 - 1). Suppose -4 = -5*d + j*d, 2*f - d - 322 = 0. Is f a composite number?
False
Let h be (3 - (15 - 8)) + 6034. Let x = h + -4089. Is x a composite number?
True
Let g(m) = 12105*m - 526. Is g(11) a composite number?
True
Let t = -418866 + 748415. Is t composite?
True
Suppose 5*t - 4*x = 20, 4*t + 0*x = -4*x + 16. Suppose -5*r + 7*d + 57 = t*d, 0 = -5*r + d + 49. Is 410/1 + r/6*-2 composite?
True
Is 2/(-8) - 3903585/(-84) composite?
False
Let f(x) = 6264*x**2 + 17*x + 20. Is f(3) a composite number?
True
Let z = -87 - -77. Is 2 + (-12796)/z + 28/70 composite?
True
Suppose 3*b = -86 + 2321. Is ((-43)/(1 + -2))/(5/b) prime?
False
Let f be 12 + -8 - 1 - (0 + -1575810). Suppose 12*m = -281913 + f. Is (-2)/9 + m/225 a composite number?
False
Let r = -753675 + 1616486. Is r a composite number?
False
Suppose -s - 3*j + 297 = 0, 4*s - 4*j = -0*j + 1140. Suppose -5*h + 10*c - 725 = 5*c, 2*h + s = c. Let i = 272 + h. Is i composite?
True
Let s(o) = 33*o - 65. Let h be s(2). Let n(k) = 8340*k - 13. Is n(h) a prime number?
False
Let k be (1 - 1)/(-3 + 2). Suppose k = -4*v - 0*v - a + 5442, -4*v - 3*a = -5438. Is v a composite number?
False
Let u(f) = f + 29. Let h be u(-6). Suppose h*i = 24*i - 85. Is ((-11364)/(-10))/(34/i) - -2 prime?
True
Suppose 0 = -3*n + 2*i + 6, -i = 2*n - 11 - 0. Suppose n*o - 2*r = 3828 + 64026, -4*r - 16967 = -o. Is o composite?
False
Let s = -63703 + 108504. Suppose 4*w = 6*u - 5*u + s, 33594 = 3*w - 3*u. Is w a composite number?
True
Let c(p) = p**3 + 20*p**2 + 8*p - 102. Is c(-17) a prime number?
False
Suppose 2*m + 3 - 43 = 0. Suppose -m = -2*s + x, 4*s - x - 47 = -s. Is (-174)/s*(-4 - 453/6) a prime number?
False
Let o be (-11)/(-33)*(1 - 1). Is (40 - -1427) + (-1 - o) a prime number?
False
Let q(y) = -75997*y + 23. Is q(-2) a composite number?
False
Let g(d) = 2*d**3 + 10*d**2 + 6*d - 5. Let b be g(-4). Is (18037 - 2)*b/3 a prime number?
False
Is (1627865/4 - 81/(-108))*1 composite?
True
Suppose -260 = -29*m + 27*m. Suppose -7*r = -8*r - m. Let b = 219 + r. Is b prime?
True
Suppose 0 = 4*g - 4*h + 6*h - 1196846, -3*h - 9 = 0. Is g composite?
False
Suppose 0 = -4*a + 2*f + 18, -7*f + 9*f = a - 12. Is -3 + (-53)/a*-548 composite?
False
Let f be 2/4 + (-318)/(-12). Let i = 27 - f. Suppose 0 = 3*q - 15, -4*a - 5*q + 1103 + 1462 = i. Is a prime?
False
Let g(o) = 77*o**2 + 3*o - 76*o**2 + o + 4. Let y be g(-5). Is y/(-12) - (0 - 7676/16) prime?
True
Is (6827571/(-324))/(-1 + 2/8) prime?
True
Suppose -774483 = -5*t - 2*y - 162274, 0 = t - 5*y - 122458. Is t composite?
False
Suppose -479*d = 5*v - 478*d - 764398, 5*d = -3*v + 458652. Is v a composite number?
False
Is (-102)/(-238) + (-4 - (-14913308)/7) a prime number?
False
Suppose -120 = 15*u - 25*u. Suppose -21681 = u*g - 3*g. Let d = -416 - g. Is d prime?
True
Let k be (-3 - (2 - -467)/(-1)) + 5. Suppose -400 = 3*y + 4*v, -5*v - 297 = 3*y + 98. Let q = k - y. Is q a prime number?
False
Let h(m) = 88*m - 7. Let t(y) = 88*y - 5. Let l(v) = -2*h(v) + 3*t(v). Is l(3) a composite number?
False
Suppose 9*b + h - 178794 = 4*b, 12*b + 2*h - 429106 = 0. Is b a prime number?
True
Let t be (-20 - (-1 - 1))*2769/(-9). Suppose -g + t = 1181. Suppose -2*k + 588 = 5*u - 1135, -5*k + 4*u + g = 0. Is k composite?
True
Let l be (1 - -3) + -3 + 0. Suppose l = 2*r - r + 2*j, -5*j = 2*r - 1. Suppose 4*b + 3*o - 309 = 1298, -r*b = -4*o - 1174. Is b prime?
False
Let t(k) = -2*k - 13. Let y be t(-11). Let j be (-1 - -7)/2 - (43 + -40). Suppose j = y*u - 1716 - 6177. Is u composite?
False
Let v be (-4)/16 - 4/(80/(-345)). Suppose -393 = -3*x - 4*n, -3*x + 2*x - 5*n + 142 = 0. Suppose -18*g + v*g = -x. Is g a prime number?
True
Let s(f) = -3*f**3 + 38*f**2 + 1. Is s(-36) a composite number?
True
Let z(j) = -4340*j + 86. Let n be z(8). Let p = -20695 - n. Is p a composite number?
True
Suppose 0 = -8*x + 19*x + 1122. Is x/(-30) + -3 - (-3583)/5 composite?
True
Let t = 497750 - 106735. Is t a prime number?
False
Let m = -424 + 457. Suppose 15458 - 42353 = -m*z. Is z prime?
False
Suppose 61750 = -14*d + 1708892. Is d a prime number?
False
Suppose -5*f + 7 = u, -4*u = -2*f - f + 18. Suppose -z - 4669 = -f*g, -3*z - 2342 = g - 2*g. Is g a composite number?
False
Is 606/(-1111) - (-142)/(-22) - (-915255 + 1) composite?
False
Let r be 60/14 - 4/14. Suppose -t - 18543 = -r*x, -5*t = -5*x - 3*t + 23175. Is x a composite number?
False
Suppose -2*p + 1648 = a - 1397, -5*a + 15210 = -5*p. Let i = 5224 - a. Is i a composite number?
True
Let d(y) = -y**2 + y + 5737. Suppose 0 = -4*c - 3*x, -7*x = -5*c - 2*x. Is d(c) a composite number?
False
Let v be (75 + -6 - 2) + -4. Is 2 - (9/v - (-9242)/(-14)) prime?
False
Let q(g) = -10*g + 35. Let i = -5 - -9. Suppose p = 5*x - 37, i*p - 6 = -2*x - 66. Is q(p) a prime number?
False
Suppose -64 = -c + 24. Let g be c/(-6) - (-3)/(-9). Let p(n) = -15*n - 2. Is p(g) a composite number?
False
Suppose -70 = -5*u - 2*c, -4 + 24 = 4*c. Suppose 0*y - y = 2*l - 13, 3*l - u = 0. Suppose -k = -2*k + y*h + 157, -5*k - 5*h + 845 = 0. Is k composite?
False
Let h = 1357 + -865. Let q = 1038 - h. Let l = q + -287. Is l a composite number?
True
Let a be (-100)/26 - (140/(-130))/(-7). Is (5 - (-4 - a)) + (56617 - 5) a prime number?
False
Suppose 16*l - 8253 = 9*l. Let i = l - -224. Is i a prime number?
False
Let n(r) = -328*r - 116. Let q be n(-20). Suppose 0 = -11*s + 3533 + q. Is s prime?
True
Let m(d) = 20069*d**2 - 12*d - 27. Is m(-2) a prime number?
True
Let i = -111426 - -220133. Is i composite?
False
Let f(v) = v**3 - 22*v**2 + 22*v - 31. Let m be f(21). Let q be (-26)/m + (-34)/(-85). Is (-20834)/(-77) + q/7 a prime number